at is the value of -10 + -3 + (-5 - (-26 - 6))?
14
Calculate 5 + (2 - 1) + 27 + (31 - 58).
6
11 + -6 + 2 - (15 - -1)
-9
Evaluate (-2 - -10) + (-15 - 13) + 35.
15
What is the value of 20 + -4 - (1 + 5)?
10
Calculate -1 - (2 - 5) - 18 - -6.
-10
22 - (1 - -3 - -8)
10
What is the value of 6 - 2 - (-13 + (-1 - -5) - -4)?
9
Evaluate 3 + -1 - (-168 + 171).
-1
Calculate 21 - (-16 - (-16 + -14)).
7
Evaluate -22 - ((-18 - 22) + 15).
3
(2 - 0 - (-5 - (3 + -9))) + 18
19
What is the value of -5 - (16 - (-4 - -14))?
-11
-3 + 24 + -13 - 17
-9
What is (-6 - -7 - 8 - -8) + 8 + -6?
3
Evaluate 26 + (16 + -8 - 24).
10
What is the value of 19 + -1 - ((-8 - (14 + -28)) + -4)?
16
What is the value of -9 - (1 - -6) - -5?
-11
1 + 3 + -6 + (17 - (4 + 4))
7
What is (16 - (20 - -19)) + 8?
-15
What is the value of -25 + (-11 - -29) + 14?
7
0 - (-2 + -2 + 12 - 7)
-1
-22 + (-9 - -18) + -14 + 7 + 6
-14
-34 + 28 + -11 + (5 - (-2 + 0))
-10
Calculate -9 + (-4 - -20) + -9 + 0.
-2
What is (16 - (13 + 22)) + 12?
-7
-1 - (10 - (-1 + -1) - (134 - 143))
-22
What is (-1 - 21 - (-17 + 27)) + 10?
-22
What is -20 - (24 - -11) - -39?
-16
Calculate (-17 - -12 - 2) + (2 - -7) - -6.
8
Evaluate 2 + 12 - (44 - 37).
7
Calculate (9 - (3 - (-2 + -9))) + 18 - -8.
21
Evaluate 46 + -19 + -15 + -11.
1
Calculate (-1 + -25 - -12) + -6 + 0 + 2.
-18
Calculate -3 + (2 - (-7 + 16) - 3).
-13
What is the value of (-23 - 3) + 13 - -8?
-5
Calculate (35 - (18 - -13)) + (-1 - -1) + 0.
4
Calculate 5 - (-1 - -2) - (9 + -3).
-2
What is the value of (-5 - (13 - 64)) + -28?
18
-12 - ((-14 - -30) + -15 + -1 + -1)
-11
Evaluate -10 + (3 - -5 - 3) + -2 + 5.
-2
What is the value of (-25 + 14 - -16) + 1?
6
What is the value of 38 - 24 - (24 - 3)?
-7
What is 28 + (-7 + -2 - 6)?
13
What is the value of -1 + (-2 - 7) - (7 - (-2 - -5))?
-14
What is -1 - (-11 + 9 + 6 + -13)?
8
Calculate (29 + 1 - 35) + 4 + 36.
35
What is 22 - 22 - (-1 + 6) - 3?
-8
13 - (2 + -1) - (-64 + 37 + 28)
11
Evaluate 77 + -79 + (12 - -1) + (-2 - 41).
-32
Evaluate -1 - (2 - 15) - (-11 - (25 - 26)).
22
What is 22 + (-30 - -10) + 8?
10
((-14 - 9) + 1 - -9) + -1
-14
-10 - (1 - (7 + -4 - 4))
-12
Evaluate 4 - (-14 + (2 + 13 - (8 + -2))).
9
Calculate 25 - (11 + (11 - 17 - -1) + -2).
21
What is (-1989 - -1983) + (-2 - -1 - 1) + 7?
-1
Calculate 11 - 0 - (11 - (-5 - 9)).
-14
1 + 27 - (6 + -8 - -8) - 3
19
0 + -10 + (1 + -6 - (26 + -31))
-10
What is (2 - 11) + 17 + -16 + -14 + 15?
-7
11 + -9 - (11 - 7 - 2 - -4)
-4
What is the value of 10 + -25 - (8 - 10)?
-13
What is the value of 5 - (-12 + 18 - (-2 + 2))?
-1
What is the value of (-14 - -11) + 14 - (29 - 24)?
6
Calculate (-1 - 2 - (-23 + 11)) + 12.
21
16 + (-7 - -1) + -334 + 351
27
Calculate (-5 - 3) + 6 - -5.
3
What is 1 + -8 - ((-25 - -11) + 4)?
3
What is (11 - 7) + -14 - (1 - 12)?
1
Calculate 27 + (-21 - -27 - (4 - -3)).
26
What is 13 + (10 + (3 - 7) - (5 + 0))?
14
What is 0 + 6 + (-7 - (2 + -7) - -1)?
5
What is the value of -4 + (3 - (1 - -20))?
-22
What is the value of -23 - (6 - 4) - (6 + (-7 - 7))?
-17
Evaluate (-36 + 31 - (1 + -3) - 1) + 18.
14
Calculate 14 - (3 + (-18 - -6) - -9) - -5.
19
Calculate -450 - -458 - (5 - (-2 - 0)).
1
Calculate (-12 - -20) + -10 + -4 + 5.
-1
-19 + (5 + -14 - -20)
-8
What is the value of -11 + 5 - -18 - (2 + 7)?
3
Calculate 8 - (7 + -3 - -9) - (-1 - -16).
-20
What is 3 + 4 + 0 + -4 + -9?
-6
What is 20 + -23 + 2 + 2?
1
Calculate -16 + 20 + (1 - (6 + -4 - -3)).
0
Evaluate -13 - -10 - (5 + (7 - 9 - -2)).
-8
-7 - -12 - -2 - (-7 + 8 - -7)
-1
-8 + -3 + -5 + 26
10
Evaluate -23 + -13 - (16 - 16).
-36
Evaluate -5 - ((4 - 5) + (14 - 8 - 10)).
0
Evaluate -4 + 14 + -4 + -3 - (2 - -18).
-17
What is (-3 - (-9 + 7 - -8)) + -2?
-11
What is 3 + 14 + (33 - 37)?
13
What is the value of 39 + -56 + -2 - -38?
19
What is the value of 0 + 11 + 1 + -1 - 10?
1
Calculate -52 + -36 + 14 + 54.
-20
Evaluate -19 + -7 + 36 + -29 + 2.
-17
Calculate 1 - (1 + -3 + (3 + 2 - 8)).
6
What is (5 - (-19 - -15)) + (-5 - 6)?
-2
2 + -12 + 8 - (-38 + 9)
27
What is the value of -5 + 8 + 5 + -11 + 8 - 6?
-1
Calculate 10 + (-13 - -17) + -14.
0
10 - (-17 - (4 + 11 + -44))
-2
-33 - 5 - -2 - (13 + -13 + -10)
-26
Evaluate -32 - (-91 - (-7 + -29)).
23
What is the value of 457 + -472 - (-10 + 1)?
-6
Evaluate -8 - -6 - -20 - (-4 - (-1 - 8)).
13
What is the value of -26 + 23 + -21 + (-2 - -3) + -2?
-25
What is the value of -4 + (12 - 5 - 5) + -4?
-6
What is (3 - 20) + (16 + -1 + -5 - 14)?
-21
Evaluate (19 - (4 + 13)) + -4 + -19.
-21
21 + 7 + -12 + -7 - (0 - -4)
5
What is 36 + -1 + 38 + -58?
15
Evaluate (1 - 31) + 804 + -787.
-13
What is -8 + (28 - (42 - 0))?
-22
What is -2 - (3 + 4 - 12)?
3
Evaluate 3 - -4 - (11 + -9) - (4 + -12).
13
What is the value of 32 + -36 + 20 + -19?
-3
Calculate 1664 + -1659 - (3 + -1 - 18).
21
(-2 - 0) + (-39 - -14) - -5 - -4
-18
Calculate (17 + -9 - 14) + -7.
-13
What is (13 - -1 - 6 - 3 - 7) + -5?
-7
Evaluate (-51 + 49 - (4 + -1)) + 12.
7
10 + -11 + (-5 - -5) - 1
-2
What is -14 + -29 - (-11 + -14)?
-18
-6 + -8 + 56 + -27
15
44 - 0 - (822 + -804)
26
Calculate -8 + 7 + -6 - (-1 + -13).
7
What is (4 - 3 - -7) + (9 - 14) + 1?
4
Calculate 15 + -16 + -3 + -14.
-18
What is the value of -1 - 6 - (-33 + 8 - -11)?
7
(-17 - 1) + -176 + 215
21
What is the value of 0 - (10 - (-4 - -10)) - -4?
0
What is the value of -7 + -6 + 2 + 2 + (-10 - -14)?
-5
Evaluate 4 - (15 + -6 + 7) - 5.
-17
What is the value of (7 - -3 - -2) + -20?
-8
What is the value of (14 - 15) + (1 - (-5 + 3))?
2
Evaluate 18 + -38 + 38 + (0 - 9).
9
Evaluate -18 - (4 + -5) - (-2 - 1).
-14
Evaluate (1 + 1 - -19) + -29.
-8
What is the value of 0 + -2 + 27 - ((-1 - -10) + -1)?
17
What is the value of (0 + -7 - 2) + (-5 - 0)?
-14
Calculate (8 - 7) + (-2 - (0 + 11)).
-12
Calculate 8 - (11 + -8) - -1.
6
What is (-52 - -56) + (3 - 17)?
-10
-12 + -13 + 9 + 21
5
Calculate -11 + 2 + -3 - (666 + -660).
-18
6 - -10 - (-1 - -8) - (-7 - -7)
9
What is the value of (-13 - 2) + (-66 - -77)?
-4
Calculate 2 + (-15 - 0) + (90 - 80) - 15.
-18
Calculate -1 - (2 - 11) - (16 + (-9 - 7)).
8
What is -27 - -18 - (-3 - (8 + -2 - 4))?
-4
Calculate (-6 - (0 - (6 + 4))) + 3 - -8.
15
3 - (-27 + 6 - -34)
-10
-28 + (12 - -14) + 13
11
Evaluate 9 + 23 + -22 - (-1 + 0).
11
What is the value of 2 + (-1 - 0) - (-55 + 48)?
8
Calculate (-42 - (-3 + -33)) + (1 + -2 - 17).
-24
Calculate (-7 - -4) + 9 - 2.
4
Calculate 2 + 12 - (-210 + 229).
-5
Calculate -74 + 53 - (1 + 2 + -3).
-21
Evaluate -24 - -50 - 11 - (-6 + -2).
23
Evaluate 17 + -18 + -17 + 13 + -3.
-8
Evaluate -4 + 7 + (1 - -2 - 5) + 4.
5
Evaluate 4 + (0 - 0) - (35 + -31).
0
-6 + -3 + 16 + -6 + 14 + -2
13
What is 19 + -47 + 33 + -10?
-5
Calculate -35 + 50 + -18 - 19.
-22
-60 + 92 - 31 - (0 + 27)
-26
What is 25 + -31 - (3 + -8)?
-1
Calculate -74 + 65 + 3 + 1.
-5
Evaluate -42 + (-8 - (-15 - 26)).
-9
Calculate (7 + -2 - (39 + -31)) + 30 - 9.
18
Evaluate -11 - (-5 + (2 - 0) - 0).
-8
What is the value of 20 + -3 - (-27 - -10 - -44)?
-10
Evaluate 16 - ((-2 + -2 - 0) + 8).
12
Calculate -48 + 20 + 10 - -31.
13
Calculate 12 - (14 + (-38 - -15)) - (-1 - 0).
22
What is 1 - (2 + (-10 - -5) - (-9 - -2))?
-3
What is the value of (1 + 3 - (27 - 27)) + (-5 - 2)?
-3
Calculate 2 - (0 + -1) - (19 - 15).
-1
Evaluate 515 + -490 - (4 - (0 - -2) - 0).
23
Evaluate -9 - ((0 - 10) + (159 - 164)).
6
What is the value of 3 - (8 - (22 - 10))?
7
What is the value of -2 - ((-8 - -17) + -4)?
-7
What is the value of 6 + (-1 - -2 - 5 - 13) - -1?
-10
What is -8 - -7 - (11 + -14 - -5)?
-3
What is -11 + 1 + -189 + 212?
13
What is the value of 679 + -693 - (-1 - 14)?
1
Evaluate (4 - -1) + (-13 - -9 - (4 - 22)).
19
What is the value of 18 + (7 - 17) + 0?
8
What is the value of -5 - -3 - (8 + 0 - 43)?
33
Evaluate -2 + ((3 - -6) + 1 + -7 - -1).
2
Evaluate -6 - 1 - (22 + (21 - 24)).
-26
1 + (8 - -1) + -41 + 50
19
What is the value of 7 - (8 - 12) - 17?
-6
What is the value of 7 - ((3 - -21) + (-5 - 1) + 0)?
-11
Calculate 6 - 13 - (-1 - (-2 - (4 + -8))).
-4
Calculate -13 + (-25 - -16) + 7.
-15
Evaluate (18 + -16 + 51 - 10) + -7.
36
What is 71 - (-28 + 21 - -49)?
29
25 - (5 - (-25 - -10))
5
Evaluate 5 + -15 + 23 - (-1 + 6).
8
7 - (-3 + 19 + 0) - -2
-7
What is the value of 14 - ((23 - (-1 + -2)) + -9 - 7)?
4
What is the value of -1 - (-9 + (36 - 23))?
-5
(5 - (-9 + 8) - 0) + -27
-